ctors of 26878349?
26878349
List the prime factors of 2115055095.
3, 5, 141003673
What are the prime factors of 129066954?
2, 3, 21511159
What are the prime factors of 5279827216?
2, 14813, 22277
What are the prime factors of 415860112?
2, 1087, 23911
List the prime factors of 5857609840.
2, 5, 79, 347, 2671
What are the prime factors of 818334088?
2, 11, 13, 41, 73, 239
What are the prime factors of 219345556?
2, 54836389
What are the prime factors of 1051487024?
2, 7, 9388277
List the prime factors of 241782306.
2, 3, 40297051
List the prime factors of 893248570.
2, 5, 31, 2881447
List the prime factors of 2362507784.
2, 7, 13, 107, 2333
What are the prime factors of 141915620?
2, 5, 7, 11, 92153
List the prime factors of 130733847.
3, 14525983
What are the prime factors of 899628173?
137, 6566629
List the prime factors of 17089374.
2, 3, 41, 127, 547
What are the prime factors of 1306288113?
3, 13, 83, 403549
List the prime factors of 32331586.
2, 7, 17, 61, 131
List the prime factors of 2121493570.
2, 5, 7, 449, 67499
List the prime factors of 1239758363.
3607, 343709
List the prime factors of 3235698232.
2, 13, 701, 44383
What are the prime factors of 229260896?
2, 479, 14957
List the prime factors of 37617920.
2, 5, 29389
List the prime factors of 58285588.
2, 17, 23, 83, 449
What are the prime factors of 2102998481?
17, 29, 4265717
What are the prime factors of 6442127867?
7, 461, 1996321
List the prime factors of 798229809.
3, 13, 758053
What are the prime factors of 40838891?
457, 89363
What are the prime factors of 1258844704?
2, 13, 73, 41453
List the prime factors of 1664258797.
1664258797
What are the prime factors of 232960805?
5, 7, 11, 19, 31847
List the prime factors of 552410391.
3, 13, 191, 74159
What are the prime factors of 44456978?
2, 22228489
List the prime factors of 3721208578.
2, 1487, 1251247
What are the prime factors of 681832802?
2, 7, 48702343
List the prime factors of 6887867.
7, 139, 7079
What are the prime factors of 141371460?
2, 3, 5, 261799
List the prime factors of 1213291077.
3, 404430359
What are the prime factors of 32508008?
2, 13, 241, 1297
What are the prime factors of 512348423?
29, 41, 430907
List the prime factors of 57977777.
11, 13, 405439
List the prime factors of 93991264.
2, 383, 7669
List the prime factors of 46483808.
2, 7, 207517
What are the prime factors of 1960368919?
47, 41709977
List the prime factors of 79079535.
3, 5, 1757323
What are the prime factors of 7114736961?
3, 790526329
List the prime factors of 76000530.
2, 3, 5, 31, 71, 1151
List the prime factors of 742561105.
5, 11, 13, 17, 61091
What are the prime factors of 91592860?
2, 5, 101, 45343
List the prime factors of 271773669.
3, 90591223
What are the prime factors of 39930668?
2, 23, 434029
List the prime factors of 78685543.
131, 197, 3049
What are the prime factors of 1484775714?
2, 3, 71, 647, 5387
What are the prime factors of 9002705?
5, 1800541
What are the prime factors of 192790891?
19, 31, 327319
List the prime factors of 656388006.
2, 3, 109398001
List the prime factors of 3064293202.
2, 1532146601
List the prime factors of 3913507454.
2, 23, 103, 825983
List the prime factors of 45896223.
3, 15298741
List the prime factors of 18954599.
23, 35831
What are the prime factors of 219137085?
3, 5, 4869713
List the prime factors of 27961007.
71, 109, 3613
List the prime factors of 24317819.
383, 63493
What are the prime factors of 715802975?
5, 61, 469379
List the prime factors of 778330472.
2, 97291309
What are the prime factors of 485536027?
61, 113, 70439
List the prime factors of 62762069.
43, 1459583
List the prime factors of 32120257.
13, 2470789
What are the prime factors of 1688523930?
2, 3, 5, 3631, 5167
List the prime factors of 62343389.
19, 239, 13729
What are the prime factors of 222242047?
5903, 37649
List the prime factors of 19948053.
3, 73, 79, 1153
List the prime factors of 5755388130.
2, 3, 5, 139, 460063
List the prime factors of 7514026625.
5, 7, 8587459
List the prime factors of 3532734285.
3, 5, 37, 239, 26633
What are the prime factors of 50827934?
2, 25413967
What are the prime factors of 32693694?
2, 3, 11, 495359
What are the prime factors of 2409428139?
3, 17, 1427, 33107
What are the prime factors of 45139672?
2, 5642459
What are the prime factors of 124023357?
3, 13780373
What are the prime factors of 29692216?
2, 3711527
What are the prime factors of 408073499?
7789, 52391
What are the prime factors of 9160596423?
3, 11, 23, 447011
List the prime factors of 123793494.
2, 3, 11, 593, 3163
What are the prime factors of 1781903029?
1781903029
List the prime factors of 54415994.
2, 27207997
List the prime factors of 1917928.
2, 149, 1609
List the prime factors of 3597872360.
2, 5, 89946809
What are the prime factors of 3524281192?
2, 599, 735451
What are the prime factors of 364676850?
2, 3, 5, 270131
List the prime factors of 658124196.
2, 3, 17, 3226099
List the prime factors of 112416708.
2, 3, 9368059
What are the prime factors of 265564148?
2, 67, 101, 9811
List the prime factors of 2012990094.
2, 3, 17, 6578399
What are the prime factors of 276986046?
2, 3, 463, 99707
List the prime factors of 945150517.
29297, 32261
What are the prime factors of 55323297?
3, 59, 34729
List the prime factors of 365402717.
365402717
List the prime factors of 58800490.
2, 5, 7, 31, 79
List the prime factors of 4619393632.
2, 7, 331, 62303
What are the prime factors of 7473704170?
2, 5, 751, 995167
What are the prime factors of 945898626?
2, 3, 29, 2287, 2377
What are the prime factors of 13668755?
5, 97, 28183
List the prime factors of 454926015.
3, 5, 107, 883
List the prime factors of 6174843296.
2, 192963853
What are the prime factors of 49384782?
2, 3, 914533
What are the prime factors of 239202109?
1753, 136453
What are the prime factors of 64806679?
7, 9258097
What are the prime factors of 22385482?
2, 7, 1598963
What are the prime factors of 379258266?
2, 3, 63209711
List the prime factors of 160290193.
7, 431, 53129
List the prime factors of 444891638.
2, 73, 3047203
List the prime factors of 2545121315.
5, 11, 1237, 37409
What are the prime factors of 416162246?
2, 208081123
What are the prime factors of 1014835127?
31, 173, 189229
What are the prime factors of 1639376829?
3, 19, 9586999
What are the prime factors of 68830677?
3, 41, 103, 1811
What are the prime factors of 989968450?
2, 5, 53, 179, 2087
List the prime factors of 5672616792.
2, 3, 12781, 18493
What are the prime factors of 44866657?
11, 19, 214673
What are the prime factors of 261426920?
2, 5, 6535673
List the prime factors of 196763563.
19, 10355977
List the prime factors of 71548209.
3, 7949801
List the prime factors of 169859109.
3, 7, 307, 26347
List the prime factors of 27165436.
2, 47, 144497
List the prime factors of 186432810.
2, 3, 5, 263, 23629
What are the prime factors of 3613577800?
2, 5, 7, 17, 149, 1019
List the prime factors of 2040344953.
2040344953
What are the prime factors of 37179212?
2, 7, 673, 1973
What are the prime factors of 1764432506?
2, 367, 2403859
What are the prime factors of 51494330?
2, 5, 193, 26681
What are the prime factors of 743894801?
13, 57222677
What are the prime factors of 59923581?
3, 1483, 13469
List the prime factors of 113260910.
2, 5, 7, 359, 4507
List the prime factors of 1388735346.
2, 3, 19, 197, 61837
List the prime factors of 355483589.
227, 307, 5101
What are the prime factors of 106914578?
2, 61, 876349
What are the prime factors of 88000519?
8647, 10177
What are the prime factors of 135735842?
2, 11, 6169811
What are the prime factors of 135284243?
1201, 112643
List the prime factors of 853649713.
7, 17, 29, 247363
List the prime factors of 1106813404.
2, 276703351
What are the prime factors of 2194545597?
3, 137, 5339527
List the prime factors of 44554234.
2, 83, 97, 2767
List the prime factors of 31733058.
2, 3, 7, 83, 9103
What are the prime factors of 612819305?
5, 7, 73, 239851
List the prime factors of 547957051.
233, 2351747
List the prime factors of 157660814.
2, 23, 3427409
What are the prime factors of 7680276348?
2, 3, 640023029
List the prime factors of 41694479.
347, 120157
List the prime factors of 1311643491.
3, 43, 10167779
What are the prime factors of